{"id":888,"date":"2013-05-23T23:42:50","date_gmt":"2013-05-23T23:42:50","guid":{"rendered":"http:\/\/localhost\/subwaypack\/?page_id=888"},"modified":"2015-06-19T20:50:17","modified_gmt":"2015-06-19T20:50:17","slug":"asistencia-ley-n-2763-villa-la-angostura","status":"publish","type":"page","link":"https:\/\/www.iadep.gob.ar\/iadep-archivo\/asistencia-ley-n-2763-villa-la-angostura\/","title":{"rendered":"Asistencia Ley N\u00b0 2763 Villa la Angostura"},"content":{"rendered":"<p>A partir del desastre ambiental producto de la erupci\u00f3n del volc\u00e1n Puyehue, el 4 de junio de 2011, el Gobierno Provincial impuls\u00f3 diversas acciones a fin de mitigar las consecuencias del desastre no s\u00f3lo ambiental sino tambi\u00e9n econ\u00f3mico-social.<\/p>\n<p>En este sentido, se convocaron a representantes y funcionarios de distintos organismos para elaborar un diagn\u00f3stico de la situaci\u00f3n, cuantificar el impacto socioecon\u00f3mico y ambiental e idear propuestas y l\u00edneas de acci\u00f3n para superar la crisis.<\/p>\n<p>En este contexto el Gobernador decret\u00f3 el estado de emergencia econ\u00f3mica y social y el estado de desastre ambiental en el Departamento Los Lagos (Decreto N\u00ba 1125\/11) y present\u00f3 un proyecto de Ley ante la Legislatura de la Provincia del Neuqu\u00e9n; el que finalmente fue sancionado bajo el N\u00ba 2763 de Declaraci\u00f3n de la Emergencia Econ\u00f3mica y Social.<\/p>\n<p>Esta norma legal facult\u00f3 al IADEP a otorgar l\u00edneas de cr\u00e9ditos y\/o aplicar esquemas de tasas subsidiadas, destinadas al restablecimiento del funcionamiento y reinversi\u00f3n en establecimientos comerciales, industriales, productivos, tur\u00edsticos y de servicios generales en la zona de emergencia.<\/p>\n<p>En funci\u00f3n de ello se cre\u00f3 la \u201cL\u00ednea de Asistencia Financiera al Dpto. Los Lagos. Erupci\u00f3n del Complejo volc\u00e1nico Cord\u00f3n Caulle Puyehue\u201d.<\/p>\n<p>&nbsp;<\/p>\n","protected":false},"excerpt":{"rendered":"<p>A partir del desastre ambiental producto de la erupci\u00f3n del volc\u00e1n Puyehue, el 4 de junio de 2011, el Gobierno Provincial impuls\u00f3 diversas acciones a fin de mitigar las consecuencias del desastre no s\u00f3lo ambiental sino tambi\u00e9n econ\u00f3mico-social. En este sentido, se convocaron a representantes y funcionarios de distintos organismos [&hellip;]<\/p>\n","protected":false},"author":1,"featured_media":3536,"parent":0,"menu_order":0,"comment_status":"closed","ping_status":"open","template":"","meta":[],"_links":{"self":[{"href":"https:\/\/www.iadep.gob.ar\/iadep-archivo\/wp-json\/wp\/v2\/pages\/888"}],"collection":[{"href":"https:\/\/www.iadep.gob.ar\/iadep-archivo\/wp-json\/wp\/v2\/pages"}],"about":[{"href":"https:\/\/www.iadep.gob.ar\/iadep-archivo\/wp-json\/wp\/v2\/types\/page"}],"author":[{"embeddable":true,"href":"https:\/\/www.iadep.gob.ar\/iadep-archivo\/wp-json\/wp\/v2\/users\/1"}],"replies":[{"embeddable":true,"href":"https:\/\/www.iadep.gob.ar\/iadep-archivo\/wp-json\/wp\/v2\/comments?post=888"}],"version-history":[{"count":0,"href":"https:\/\/www.iadep.gob.ar\/iadep-archivo\/wp-json\/wp\/v2\/pages\/888\/revisions"}],"wp:featuredmedia":[{"embeddable":true,"href":"https:\/\/www.iadep.gob.ar\/iadep-archivo\/wp-json\/wp\/v2\/media\/3536"}],"wp:attachment":[{"href":"https:\/\/www.iadep.gob.ar\/iadep-archivo\/wp-json\/wp\/v2\/media?parent=888"}],"curies":[{"name":"wp","href":"https:\/\/api.w.org\/{rel}","templated":true}]}}