{"id":6147,"date":"2019-10-08T14:56:23","date_gmt":"2019-10-08T14:56:23","guid":{"rendered":"http:\/\/www.iadep.gob.ar\/iadep\/?page_id=6147"},"modified":"2021-06-24T16:22:40","modified_gmt":"2021-06-24T16:22:40","slug":"balance-social","status":"publish","type":"page","link":"https:\/\/www.iadep.gob.ar\/iadep-archivo\/balance-social\/","title":{"rendered":"Balance social"},"content":{"rendered":"<p>[vc_row][vc_column width=\u00bb1\/2&#8243;][vc_custom_heading text=\u00bb\u00bfSAB\u00cdAS QUE EL IADEP DISE\u00d1O SU PRIMER BALANCE SOCIAL?\u00bb font_container=\u00bbtag:h5|text_align:left\u00bb google_fonts=\u00bbfont_family:Arimo%3Aregular%2Citalic%2C700%2C700italic|font_style:400%20regular%3A400%3Anormal\u00bb][vc_column_text]<\/p>\n<p style=\"text-align: justify;\">Un balance Social es un informe de gesti\u00f3n de una Instituci\u00f3n, de un periodo de tiempo, orientado a brindar informaci\u00f3n en el marco de tres ejes: Econ\u00f3mico, Social y Ambiental.<\/p>\n<p style=\"text-align: justify;\">El IADEP como herramienta del Gobierno para la reconversi\u00f3n productiva de la provincia, viene trabajando en esta direcci\u00f3n, y para el periodo 2015 logr\u00f3 su primer Balance Social y Memoria de Sustentabilidad, y a su<span>\u00a0<\/span><strong>vez logr\u00f3 ser el primer organismo p\u00fablico provincial en elaborarlo y difundirlo.<span>\u00a0<\/span><\/strong><strong>\u00a0<\/strong><\/p>\n<p>Durante el transcurso del a\u00f1o 2020, un equipo interdisciplinario de colaboradores y colaboradoras, elaboraron el \u00abBalance Social y Memoria de Sustentabilidad del a\u00f1o 2019\u201d y en el transcurso del presente a\u00f1o, se desarrollar\u00e1 el BS correspondiente al a\u00f1o 2020.[\/vc_column_text][\/vc_column][vc_column width=\u00bb1\/2&#8243;][vc_column_text]<a href=\"https:\/\/www.iadep.gob.ar\/iadep\/wp-content\/uploads\/BALANCE-SOCIAL-2019-4.pdf\" target=\"_blank\" rel=\"noopener\"><img decoding=\"async\" loading=\"lazy\" src=\"https:\/\/www.iadep.gob.ar\/iadep\/wp-content\/uploads\/BALANCE-SOCIAL-2019.jpg\" alt=\"\" width=\"612\" height=\"792\" class=\"aligncenter wp-image-7581 size-full\" srcset=\"https:\/\/www.iadep.gob.ar\/iadep-archivo\/wp-content\/uploads\/BALANCE-SOCIAL-2019.jpg 612w, https:\/\/www.iadep.gob.ar\/iadep-archivo\/wp-content\/uploads\/BALANCE-SOCIAL-2019-541x700.jpg 541w, https:\/\/www.iadep.gob.ar\/iadep-archivo\/wp-content\/uploads\/BALANCE-SOCIAL-2019-600x776.jpg 600w\" sizes=\"(max-width: 612px) 100vw, 612px\" \/><\/a>[\/vc_column_text][vc_btn title=\u00bbDescargar PDF\u00bb color=\u00bbwarning\u00bb align=\u00bbcenter\u00bb link=\u00bburl:https%3A%2F%2Fwww.iadep.gob.ar%2Fiadep%2Fwp-content%2Fuploads%2FBALANCE-SOCIAL-2019-4.pdf||target:%20_blank|\u00bb][\/vc_column][\/vc_row]<\/p>\n","protected":false},"excerpt":{"rendered":"<p>[vc_row][vc_column width=\u00bb1\/2&#8243;][vc_custom_heading text=\u00bb\u00bfSAB\u00cdAS QUE EL IADEP DISE\u00d1O SU PRIMER BALANCE SOCIAL?\u00bb font_container=\u00bbtag:h5|text_align:left\u00bb google_fonts=\u00bbfont_family:Arimo%3Aregular%2Citalic%2C700%2C700italic|font_style:400%20regular%3A400%3Anormal\u00bb][vc_column_text] Un balance Social es un informe de gesti\u00f3n de una Instituci\u00f3n, de un periodo de tiempo, orientado a brindar informaci\u00f3n en el marco de tres ejes: Econ\u00f3mico, Social y Ambiental. El IADEP como herramienta del Gobierno para [&hellip;]<\/p>\n","protected":false},"author":7,"featured_media":0,"parent":0,"menu_order":0,"comment_status":"closed","ping_status":"closed","template":"","meta":[],"_links":{"self":[{"href":"https:\/\/www.iadep.gob.ar\/iadep-archivo\/wp-json\/wp\/v2\/pages\/6147"}],"collection":[{"href":"https:\/\/www.iadep.gob.ar\/iadep-archivo\/wp-json\/wp\/v2\/pages"}],"about":[{"href":"https:\/\/www.iadep.gob.ar\/iadep-archivo\/wp-json\/wp\/v2\/types\/page"}],"author":[{"embeddable":true,"href":"https:\/\/www.iadep.gob.ar\/iadep-archivo\/wp-json\/wp\/v2\/users\/7"}],"replies":[{"embeddable":true,"href":"https:\/\/www.iadep.gob.ar\/iadep-archivo\/wp-json\/wp\/v2\/comments?post=6147"}],"version-history":[{"count":0,"href":"https:\/\/www.iadep.gob.ar\/iadep-archivo\/wp-json\/wp\/v2\/pages\/6147\/revisions"}],"wp:attachment":[{"href":"https:\/\/www.iadep.gob.ar\/iadep-archivo\/wp-json\/wp\/v2\/media?parent=6147"}],"curies":[{"name":"wp","href":"https:\/\/api.w.org\/{rel}","templated":true}]}}