{"id":205,"date":"2019-06-12T13:22:25","date_gmt":"2019-06-12T16:22:25","guid":{"rendered":"http:\/\/server04v:81\/descubrir\/?page_id=205"},"modified":"2019-08-08T14:51:39","modified_gmt":"2019-08-08T17:51:39","slug":"maraton-colaborativa-2","status":"publish","type":"page","link":"https:\/\/www.iadep.gob.ar\/descubrir\/?page_id=205","title":{"rendered":""},"content":{"rendered":"<p>[vc_row][vc_column][vc_column_text]<\/p>\n\n\n<div style=\"height:20px\" aria-hidden=\"true\" class=\"wp-block-spacer\"><\/div>\n\n\n\n<h1 style=\"text-align:center\"><img decoding=\"async\" loading=\"lazy\" width=\"326\" height=\"96\" class=\"wp-image-917\" style=\"width: 300px;\" src=\"https:\/\/www.iadep.gob.ar\/descubrir\/wp-content\/uploads\/2019\/07\/boceto-logo-marat\u00f3n-2-1.png\" alt=\"\" srcset=\"https:\/\/www.iadep.gob.ar\/descubrir\/wp-content\/uploads\/2019\/07\/boceto-logo-marat\u00f3n-2-1.png 326w, https:\/\/www.iadep.gob.ar\/descubrir\/wp-content\/uploads\/2019\/07\/boceto-logo-marat\u00f3n-2-1-300x88.png 300w\" sizes=\"(max-width: 326px) 100vw, 326px\" \/><\/h1>\n\n\n\n<div style=\"height:20px\" aria-hidden=\"true\" class=\"wp-block-spacer\"><\/div>\n\n\n\n<p style=\"text-align:center\"> Esta actividad se enmarca dentro del Programa Descubrir del Instituto Aut\u00e1rquico de Desarrollo Productivo del Neuqu\u00e9n (IADEP), el objetivo principal de este proyecto es buscar e identificar potenciales emprendedores.<\/p>\n\n\n\n<div class=\"is-layout-flex wp-container-3 wp-block-columns alignwide has-2-columns\">\n<div class=\"is-layout-flow wp-block-column\">\n<div style=\"height:30px\" aria-hidden=\"true\" class=\"wp-block-spacer\"><\/div>\n\n\n\n<div class=\"wp-block-image\"><figure class=\"aligncenter is-resized\"><img decoding=\"async\" loading=\"lazy\" src=\"https:\/\/www.iadep.gob.ar\/descubrir\/wp-content\/uploads\/2019\/06\/LogoMakr_4Qhqgp.png\" alt=\"\" class=\"wp-image-448\" width=\"100\" height=\"100\" srcset=\"https:\/\/www.iadep.gob.ar\/descubrir\/wp-content\/uploads\/2019\/06\/LogoMakr_4Qhqgp.png 400w, https:\/\/www.iadep.gob.ar\/descubrir\/wp-content\/uploads\/2019\/06\/LogoMakr_4Qhqgp-150x150.png 150w, https:\/\/www.iadep.gob.ar\/descubrir\/wp-content\/uploads\/2019\/06\/LogoMakr_4Qhqgp-300x300.png 300w\" sizes=\"(max-width: 100px) 100vw, 100px\" \/><\/figure><\/div>\n\n\n\n<div class=\"wp-block-image\"><figure class=\"aligncenter is-resized\"><img decoding=\"async\" loading=\"lazy\" src=\"https:\/\/www.iadep.gob.ar\/descubrir\/wp-content\/uploads\/2019\/06\/LogoMakr_5dkT8Y.png\" alt=\"\" class=\"wp-image-449\" width=\"200\" height=\"101\" srcset=\"https:\/\/www.iadep.gob.ar\/descubrir\/wp-content\/uploads\/2019\/06\/LogoMakr_5dkT8Y.png 400w, https:\/\/www.iadep.gob.ar\/descubrir\/wp-content\/uploads\/2019\/06\/LogoMakr_5dkT8Y-300x151.png 300w\" sizes=\"(max-width: 200px) 100vw, 200px\" \/><\/figure><\/div>\n\n\n\n<p style=\"text-align:center\">Es un evento que tiene como objetivo general despertar en los estudiantes las ganas de emprender, apuntal\u00e1ndolos en el proceso de darle forma a una idea, validar la misma y la posterior elaboraci\u00f3n del modelo de negocio para concretarla y llevarla adelante. Se busca hacer foco en el proceso de aprendizaje, como experiencia enriquecedora y no en el producto obtenido.<\/p>\n<\/div>\n\n\n\n<div class=\"is-layout-flow wp-block-column\">\n<div style=\"height:30px\" aria-hidden=\"true\" class=\"wp-block-spacer\"><\/div>\n\n\n\n<div class=\"wp-block-image\"><figure class=\"aligncenter is-resized\"><img decoding=\"async\" loading=\"lazy\" src=\"https:\/\/www.iadep.gob.ar\/descubrir\/wp-content\/uploads\/2019\/06\/LogoMakr_9RO52a-1.png\" alt=\"\" class=\"wp-image-451\" width=\"91\" height=\"100\" srcset=\"https:\/\/www.iadep.gob.ar\/descubrir\/wp-content\/uploads\/2019\/06\/LogoMakr_9RO52a-1.png 365w, https:\/\/www.iadep.gob.ar\/descubrir\/wp-content\/uploads\/2019\/06\/LogoMakr_9RO52a-1-274x300.png 274w\" sizes=\"(max-width: 91px) 100vw, 91px\" \/><\/figure><\/div>\n\n\n\n<div class=\"wp-block-image\"><figure class=\"aligncenter is-resized\"><img decoding=\"async\" loading=\"lazy\" src=\"https:\/\/www.iadep.gob.ar\/descubrir\/wp-content\/uploads\/2019\/06\/LogoMakr_5ZMyEe.png\" alt=\"\" class=\"wp-image-452\" width=\"290\" height=\"104\"\/><\/figure><\/div>\n\n\n\n<p style=\"text-align:center\">Consta de 3 encuentros presenciales en los que trabajar\u00e1n las habilidades necesarias para lograr que una idea pase a ser un proyecto viable. Se realizar\u00e1n actividades l\u00fadicas, con el fin de que vivan y sientan la experiencia, y que el&nbsp;aprendizaje&nbsp;deje de ser informativo para convertirse en&nbsp;conocimiento vivencial.<\/p>\n<\/div>\n<\/div>\n\n\n\n<div class=\"wp-block-cover alignfull has-background-dim-30 has-background-dim\" style=\"background-image:url(https:\/\/www.iadep.gob.ar\/descubrir\/wp-content\/uploads\/2019\/06\/para-botones.png)\"><div class=\"wp-block-cover__inner-container\">\n<p style=\"text-align:center\" class=\"has-large-font-size\"><img decoding=\"async\" loading=\"lazy\" width=\"400\" height=\"357\" class=\"wp-image-279\" style=\"width: 90px;\" src=\"https:\/\/www.iadep.gob.ar\/descubrir\/wp-content\/uploads\/2019\/06\/LogoMakr_1KP2ux.png\" alt=\"\" srcset=\"https:\/\/www.iadep.gob.ar\/descubrir\/wp-content\/uploads\/2019\/06\/LogoMakr_1KP2ux.png 400w, https:\/\/www.iadep.gob.ar\/descubrir\/wp-content\/uploads\/2019\/06\/LogoMakr_1KP2ux-300x268.png 300w\" sizes=\"(max-width: 400px) 100vw, 400px\" \/> <img decoding=\"async\" loading=\"lazy\" width=\"400\" height=\"52\" class=\"wp-image-602\" style=\"width: 400px;\" src=\"https:\/\/www.iadep.gob.ar\/descubrir\/wp-content\/uploads\/2019\/06\/LogoMakr_5Y2Ppx.png\" alt=\"\" srcset=\"https:\/\/www.iadep.gob.ar\/descubrir\/wp-content\/uploads\/2019\/06\/LogoMakr_5Y2Ppx.png 400w, https:\/\/www.iadep.gob.ar\/descubrir\/wp-content\/uploads\/2019\/06\/LogoMakr_5Y2Ppx-300x39.png 300w\" sizes=\"(max-width: 400px) 100vw, 400px\" \/><\/p>\n\n\n\n<p style=\"text-align:center\">Destinado a que los estudiantes que conozcan la convocatoria y puedan asesorase sobre la modalidad de participaci\u00f3n.<\/p>\n<\/div><\/div>\n\n\n\n<div style=\"height:30px\" aria-hidden=\"true\" class=\"wp-block-spacer\"><\/div>\n\n\n\n<h2 style=\"text-align:center\"><img decoding=\"async\" loading=\"lazy\" width=\"400\" height=\"112\" class=\"wp-image-694\" style=\"width: 240px;\" src=\"https:\/\/www.iadep.gob.ar\/descubrir\/wp-content\/uploads\/2019\/07\/LogoMakr_7bDjlF.png\" alt=\"\" srcset=\"https:\/\/www.iadep.gob.ar\/descubrir\/wp-content\/uploads\/2019\/07\/LogoMakr_7bDjlF.png 400w, https:\/\/www.iadep.gob.ar\/descubrir\/wp-content\/uploads\/2019\/07\/LogoMakr_7bDjlF-300x84.png 300w\" sizes=\"(max-width: 400px) 100vw, 400px\" \/><\/h2>\n\n\n\n<h3 style=\"text-align:center\"><img decoding=\"async\" loading=\"lazy\" width=\"400\" height=\"70\" class=\"wp-image-709\" style=\"width: 250px;\" src=\"https:\/\/www.iadep.gob.ar\/descubrir\/wp-content\/uploads\/2019\/07\/LogoMakr_7azHDJ.png\" alt=\"\" srcset=\"https:\/\/www.iadep.gob.ar\/descubrir\/wp-content\/uploads\/2019\/07\/LogoMakr_7azHDJ.png 400w, https:\/\/www.iadep.gob.ar\/descubrir\/wp-content\/uploads\/2019\/07\/LogoMakr_7azHDJ-300x53.png 300w\" sizes=\"(max-width: 400px) 100vw, 400px\" \/><\/h3>\n\n\n\n<div class=\"is-layout-flex wp-container-6 wp-block-columns has-2-columns\">\n<div class=\"is-layout-flow wp-block-column\">\n<div style=\"height:30px\" aria-hidden=\"true\" class=\"wp-block-spacer\"><\/div>\n\n\n\n<ul><li><strong>Tenga un acercamiento al proceso necesario para transformar una idea en un proyecto.<\/strong><\/li><\/ul>\n\n\n\n<ul><li><strong>Incorpore los valores del trabajo en equipo, la confianza en un otro y el trabajo colaborativo.<\/strong><\/li><\/ul>\n\n\n\n<p><\/p>\n<\/div>\n\n\n\n<div class=\"is-layout-flow wp-block-column\">\n<div style=\"height:30px\" aria-hidden=\"true\" class=\"wp-block-spacer\"><\/div>\n\n\n\n<ul><li><strong>Pueda enriquecerse a lo largo del proceso, con el aprendizaje basado en experiencias vivenciales.<\/strong><\/li><\/ul>\n\n\n\n<ul><li><strong>Encuentre la motivaci\u00f3n para continuar desarrollando su esp\u00edritu emprendedor.<\/strong><\/li><\/ul>\n\n\n\n<div style=\"height:30px\" aria-hidden=\"true\" class=\"wp-block-spacer\"><\/div>\n<\/div>\n<\/div>\n\n\n\n<div class=\"wp-block-cover alignfull\" style=\"background-image:url(https:\/\/www.iadep.gob.ar\/descubrir\/wp-content\/uploads\/2019\/06\/POR2-3.png)\"><div class=\"wp-block-cover__inner-container\">\n<h2><\/h2>\n\n\n\n<p style=\"text-align:center\" class=\"has-large-font-size\"><img decoding=\"async\" loading=\"lazy\" width=\"400\" height=\"68\" class=\"wp-image-613\" style=\"width: 360px;\" src=\"https:\/\/www.iadep.gob.ar\/descubrir\/wp-content\/uploads\/2019\/06\/LogoMakr_6DMQtp.png\" alt=\"\" srcset=\"https:\/\/www.iadep.gob.ar\/descubrir\/wp-content\/uploads\/2019\/06\/LogoMakr_6DMQtp.png 400w, https:\/\/www.iadep.gob.ar\/descubrir\/wp-content\/uploads\/2019\/06\/LogoMakr_6DMQtp-300x51.png 300w\" sizes=\"(max-width: 400px) 100vw, 400px\" \/><\/p>\n\n\n\n<h2><\/h2>\n\n\n\n<h4 style=\"text-align:center\"><img decoding=\"async\" loading=\"lazy\" width=\"400\" height=\"390\" class=\"wp-image-617\" style=\"width: 60px;\" src=\"https:\/\/www.iadep.gob.ar\/descubrir\/wp-content\/uploads\/2019\/06\/LogoMakr_90JzKX.png\" alt=\"\" srcset=\"https:\/\/www.iadep.gob.ar\/descubrir\/wp-content\/uploads\/2019\/06\/LogoMakr_90JzKX.png 400w, https:\/\/www.iadep.gob.ar\/descubrir\/wp-content\/uploads\/2019\/06\/LogoMakr_90JzKX-300x293.png 300w\" sizes=\"(max-width: 400px) 100vw, 400px\" \/><img decoding=\"async\" loading=\"lazy\" width=\"400\" height=\"76\" class=\"wp-image-622\" style=\"width: 250px;\" src=\"https:\/\/www.iadep.gob.ar\/descubrir\/wp-content\/uploads\/2019\/07\/LogoMakr_7SSqP6.png\" alt=\"\" srcset=\"https:\/\/www.iadep.gob.ar\/descubrir\/wp-content\/uploads\/2019\/07\/LogoMakr_7SSqP6.png 400w, https:\/\/www.iadep.gob.ar\/descubrir\/wp-content\/uploads\/2019\/07\/LogoMakr_7SSqP6-300x57.png 300w\" sizes=\"(max-width: 400px) 100vw, 400px\" \/><\/h4>\n\n\n\n<h4 style=\"text-align:center\"><img decoding=\"async\" loading=\"lazy\" width=\"325\" height=\"400\" class=\"wp-image-641\" style=\"width: 60px;\" src=\"https:\/\/www.iadep.gob.ar\/descubrir\/wp-content\/uploads\/2019\/07\/LogoMakr_0rT1Wv.png\" alt=\"\" srcset=\"https:\/\/www.iadep.gob.ar\/descubrir\/wp-content\/uploads\/2019\/07\/LogoMakr_0rT1Wv.png 325w, https:\/\/www.iadep.gob.ar\/descubrir\/wp-content\/uploads\/2019\/07\/LogoMakr_0rT1Wv-244x300.png 244w\" sizes=\"(max-width: 325px) 100vw, 325px\" \/><img decoding=\"async\" loading=\"lazy\" width=\"400\" height=\"73\" class=\"wp-image-636\" style=\"width: 260px;\" src=\"https:\/\/www.iadep.gob.ar\/descubrir\/wp-content\/uploads\/2019\/07\/LogoMakr_3moiZn.png\" alt=\"\" srcset=\"https:\/\/www.iadep.gob.ar\/descubrir\/wp-content\/uploads\/2019\/07\/LogoMakr_3moiZn.png 400w, https:\/\/www.iadep.gob.ar\/descubrir\/wp-content\/uploads\/2019\/07\/LogoMakr_3moiZn-300x55.png 300w\" sizes=\"(max-width: 400px) 100vw, 400px\" \/><\/h4>\n\n\n\n<h4 style=\"text-align:center\"><img decoding=\"async\" loading=\"lazy\" width=\"350\" height=\"400\" class=\"wp-image-626\" style=\"width: 55px;\" src=\"https:\/\/www.iadep.gob.ar\/descubrir\/wp-content\/uploads\/2019\/07\/LogoMakr_1zFVRj.png\" alt=\"\" srcset=\"https:\/\/www.iadep.gob.ar\/descubrir\/wp-content\/uploads\/2019\/07\/LogoMakr_1zFVRj.png 350w, https:\/\/www.iadep.gob.ar\/descubrir\/wp-content\/uploads\/2019\/07\/LogoMakr_1zFVRj-263x300.png 263w\" sizes=\"(max-width: 350px) 100vw, 350px\" \/><img decoding=\"async\" loading=\"lazy\" width=\"400\" height=\"73\" class=\"wp-image-637\" style=\"width: 260px;\" src=\"https:\/\/www.iadep.gob.ar\/descubrir\/wp-content\/uploads\/2019\/07\/LogoMakr_9qJqvf.png\" alt=\"\" srcset=\"https:\/\/www.iadep.gob.ar\/descubrir\/wp-content\/uploads\/2019\/07\/LogoMakr_9qJqvf.png 400w, https:\/\/www.iadep.gob.ar\/descubrir\/wp-content\/uploads\/2019\/07\/LogoMakr_9qJqvf-300x55.png 300w\" sizes=\"(max-width: 400px) 100vw, 400px\" \/><\/h4>\n\n\n\n<h4 style=\"text-align:center\"><img decoding=\"async\" loading=\"lazy\" width=\"400\" height=\"393\" class=\"wp-image-639\" style=\"width: 70px;\" src=\"https:\/\/www.iadep.gob.ar\/descubrir\/wp-content\/uploads\/2019\/07\/LogoMakr_2psOAT.png\" alt=\"\" srcset=\"https:\/\/www.iadep.gob.ar\/descubrir\/wp-content\/uploads\/2019\/07\/LogoMakr_2psOAT.png 400w, https:\/\/www.iadep.gob.ar\/descubrir\/wp-content\/uploads\/2019\/07\/LogoMakr_2psOAT-300x295.png 300w\" sizes=\"(max-width: 400px) 100vw, 400px\" \/> <img decoding=\"async\" loading=\"lazy\" width=\"400\" height=\"68\" class=\"wp-image-638\" style=\"width: 320px;\" src=\"https:\/\/www.iadep.gob.ar\/descubrir\/wp-content\/uploads\/2019\/07\/LogoMakr_9vfYMl.png\" alt=\"\" srcset=\"https:\/\/www.iadep.gob.ar\/descubrir\/wp-content\/uploads\/2019\/07\/LogoMakr_9vfYMl.png 400w, https:\/\/www.iadep.gob.ar\/descubrir\/wp-content\/uploads\/2019\/07\/LogoMakr_9vfYMl-300x51.png 300w\" sizes=\"(max-width: 400px) 100vw, 400px\" \/><\/h4>\n\n\n\n<h2><\/h2>\n\n\n\n<p>&nbsp;<\/p>\n<\/div><\/div>\n\n\n\n<div style=\"height:50px\" aria-hidden=\"true\" class=\"wp-block-spacer\"><\/div>\n\n\n\n<h2 style=\"text-align:center\"><img decoding=\"async\" loading=\"lazy\" width=\"400\" height=\"121\" class=\"wp-image-594\" style=\"width: 350px;\" src=\"https:\/\/www.iadep.gob.ar\/descubrir\/wp-content\/uploads\/2019\/06\/LogoMakr_8j3owN.png\" alt=\"\" srcset=\"https:\/\/www.iadep.gob.ar\/descubrir\/wp-content\/uploads\/2019\/06\/LogoMakr_8j3owN.png 400w, https:\/\/www.iadep.gob.ar\/descubrir\/wp-content\/uploads\/2019\/06\/LogoMakr_8j3owN-300x91.png 300w\" sizes=\"(max-width: 400px) 100vw, 400px\" \/><\/h2>\n\n\n\n<div style=\"height:50px\" aria-hidden=\"true\" class=\"wp-block-spacer\"><\/div>\n\n\n\n<h3 style=\"text-align:center\"><strong>A CONFIRMAR<\/strong><\/h3>\n\n\n\n<div style=\"height:100px\" aria-hidden=\"true\" class=\"wp-block-spacer\"><\/div>\n\n\n\n<h2 style=\"text-align:center\"><img decoding=\"async\" loading=\"lazy\" width=\"268\" height=\"400\" class=\"wp-image-1238\" style=\"width: 60px;\" src=\"https:\/\/www.iadep.gob.ar\/descubrir\/wp-content\/uploads\/2019\/07\/LogoMakr_2NvATa.png\" alt=\"\" srcset=\"https:\/\/www.iadep.gob.ar\/descubrir\/wp-content\/uploads\/2019\/07\/LogoMakr_2NvATa.png 268w, https:\/\/www.iadep.gob.ar\/descubrir\/wp-content\/uploads\/2019\/07\/LogoMakr_2NvATa-201x300.png 201w\" sizes=\"(max-width: 268px) 100vw, 268px\" \/><img decoding=\"async\" loading=\"lazy\" width=\"400\" height=\"141\" class=\"wp-image-1239\" style=\"width: 180px;\" src=\"https:\/\/www.iadep.gob.ar\/descubrir\/wp-content\/uploads\/2019\/07\/LogoMakr_6YTkrc.png\" alt=\"\" srcset=\"https:\/\/www.iadep.gob.ar\/descubrir\/wp-content\/uploads\/2019\/07\/LogoMakr_6YTkrc.png 400w, https:\/\/www.iadep.gob.ar\/descubrir\/wp-content\/uploads\/2019\/07\/LogoMakr_6YTkrc-300x106.png 300w\" sizes=\"(max-width: 400px) 100vw, 400px\" \/><\/h2>\n\n\n\n<div style=\"height:30px\" aria-hidden=\"true\" class=\"wp-block-spacer\"><\/div>\n\n\n\n<p style=\"text-align:center\" class=\"has-medium-font-size\">Todos los encuentros se realizar\u00e1n en el&nbsp;<a rel=\"noreferrer noopener\" aria-label=\"Centro PyME -ADENEU (abre en una nueva pesta\u00f1a)\" href=\"http:\/\/www.adeneu.com.ar\/\" target=\"_blank\">Centro PyME -ADENEU<\/a>&nbsp;ubicado en la calle Sarmiento 802, Neuqu\u00e9n capital.<\/p>\n\n\n<p>[\/vc_column_text][\/vc_column][\/vc_row][vc_row][vc_column][vc_gmaps link=&#8221;#E-8_JTNDaWZyYW1lJTIwc3JjJTNEJTIyaHR0cHMlM0ElMkYlMkZ3d3cuZ29vZ2xlLmNvbSUyRm1hcHMlMkZlbWJlZCUzRnBiJTNEJTIxMW0xNCUyMTFtOCUyMTFtMyUyMTFkMTI0MTAuMTY5MDE5NTk2ODkzJTIxMmQtNjguMDcwODA2NSUyMTNkLTM4Ljk1NzI4NDUlMjEzbTIlMjExaTEwMjQlMjEyaTc2OCUyMTRmMTMuMSUyMTNtMyUyMTFtMiUyMTFzMHgwJTI1M0EweGZlOWRlYjcwZjZlYjc3NTYlMjEyc0NlbnRybyUyQlB5TUUlMkItQURFTkVVJTIxNWUwJTIxM20yJTIxMXNlcy00MTklMjEyc2FyJTIxNHYxNTYzNDUxMzA2NjAxJTIxNW0yJTIxMXNlcy00MTklMjEyc2FyJTIyJTIwd2lkdGglM0QlMjI0MDAlMjIlMjBoZWlnaHQlM0QlMjIzMDAlMjIlMjBmcmFtZWJvcmRlciUzRCUyMjAlMjIlMjBzdHlsZSUzRCUyMmJvcmRlciUzQTAlMjIlMjBhbGxvd2Z1bGxzY3JlZW4lM0UlM0MlMkZpZnJhbWUlM0U=&#8221; css_animation=&#8221;fadeIn&#8221;][\/vc_column][\/vc_row]<\/p>\n\n\n<div class=\"wp-block-cover alignfull has-background-dim-60 has-background-dim\" style=\"background-image:url(https:\/\/www.iadep.gob.ar\/descubrir\/wp-content\/uploads\/2019\/07\/hackaton-1.png);background-color:#201e1f\"><div class=\"wp-block-cover__inner-container\">\n<p style=\"text-align:center\" class=\"has-large-font-size\"><img decoding=\"async\" loading=\"lazy\" width=\"400\" height=\"400\" class=\"wp-image-663\" style=\"width: 90px;\" src=\"https:\/\/www.iadep.gob.ar\/descubrir\/wp-content\/uploads\/2019\/07\/LogoMakr_1GGlN4.png\" alt=\"\" srcset=\"https:\/\/www.iadep.gob.ar\/descubrir\/wp-content\/uploads\/2019\/07\/LogoMakr_1GGlN4.png 400w, https:\/\/www.iadep.gob.ar\/descubrir\/wp-content\/uploads\/2019\/07\/LogoMakr_1GGlN4-150x150.png 150w, https:\/\/www.iadep.gob.ar\/descubrir\/wp-content\/uploads\/2019\/07\/LogoMakr_1GGlN4-300x300.png 300w\" sizes=\"(max-width: 400px) 100vw, 400px\" \/> <img decoding=\"async\" loading=\"lazy\" width=\"400\" height=\"69\" class=\"wp-image-662\" style=\"width: 400px;\" src=\"https:\/\/www.iadep.gob.ar\/descubrir\/wp-content\/uploads\/2019\/07\/LogoMakr_4UKJDW.png\" alt=\"\" srcset=\"https:\/\/www.iadep.gob.ar\/descubrir\/wp-content\/uploads\/2019\/07\/LogoMakr_4UKJDW.png 400w, https:\/\/www.iadep.gob.ar\/descubrir\/wp-content\/uploads\/2019\/07\/LogoMakr_4UKJDW-300x52.png 300w\" sizes=\"(max-width: 400px) 100vw, 400px\" \/><\/p>\n\n\n\n<div class=\"wp-block-button aligncenter is-style-default\"><a class=\"wp-block-button__link has-text-color has-white-color\" href=\"https:\/\/www.iadep.gob.ar\/descubrir\/wp-content\/uploads\/2019\/08\/BASES-MARAT\u00d3N.pdf\">DESCARGAR<\/a><\/div>\n\n\n\n<p>&nbsp;<\/p>\n<\/div><\/div>\n","protected":false},"excerpt":{"rendered":"<p>[vc_row][vc_column][vc_column_text] Esta actividad se enmarca dentro del Programa Descubrir del Instituto Aut\u00e1rquico de Desarrollo Productivo del Neuqu\u00e9n (IADEP), el objetivo principal de este proyecto es buscar e identificar potenciales emprendedores. Es un evento que tiene como objetivo general despertar en los estudiantes las ganas de emprender, apuntal\u00e1ndolos en el proceso [&hellip;]<\/p>\n","protected":false},"author":1,"featured_media":0,"parent":0,"menu_order":0,"comment_status":"closed","ping_status":"closed","template":"","meta":[],"_links":{"self":[{"href":"https:\/\/www.iadep.gob.ar\/descubrir\/index.php?rest_route=\/wp\/v2\/pages\/205"}],"collection":[{"href":"https:\/\/www.iadep.gob.ar\/descubrir\/index.php?rest_route=\/wp\/v2\/pages"}],"about":[{"href":"https:\/\/www.iadep.gob.ar\/descubrir\/index.php?rest_route=\/wp\/v2\/types\/page"}],"author":[{"embeddable":true,"href":"https:\/\/www.iadep.gob.ar\/descubrir\/index.php?rest_route=\/wp\/v2\/users\/1"}],"replies":[{"embeddable":true,"href":"https:\/\/www.iadep.gob.ar\/descubrir\/index.php?rest_route=%2Fwp%2Fv2%2Fcomments&post=205"}],"version-history":[{"count":190,"href":"https:\/\/www.iadep.gob.ar\/descubrir\/index.php?rest_route=\/wp\/v2\/pages\/205\/revisions"}],"predecessor-version":[{"id":1725,"href":"https:\/\/www.iadep.gob.ar\/descubrir\/index.php?rest_route=\/wp\/v2\/pages\/205\/revisions\/1725"}],"wp:attachment":[{"href":"https:\/\/www.iadep.gob.ar\/descubrir\/index.php?rest_route=%2Fwp%2Fv2%2Fmedia&parent=205"}],"curies":[{"name":"wp","href":"https:\/\/api.w.org\/{rel}","templated":true}]}}