{"id":1411,"date":"2019-08-02T12:07:34","date_gmt":"2019-08-02T15:07:34","guid":{"rendered":"http:\/\/server04v:81\/descubrir\/?page_id=1411"},"modified":"2019-10-16T09:39:21","modified_gmt":"2019-10-16T12:39:21","slug":"1411-2","status":"publish","type":"page","link":"https:\/\/www.iadep.gob.ar\/descubrir\/?page_id=1411","title":{"rendered":""},"content":{"rendered":"<p>[vc_row][vc_column][vc_column_text]<\/p>\n\n\n<h6 style=\"text-align:center\"><img decoding=\"async\" loading=\"lazy\" class=\"aligncenter wp-image-1554\" style=\"width: 850px;\" src=\"https:\/\/www.iadep.gob.ar\/descubrir\/wp-content\/uploads\/2019\/08\/Copia-de-Copia-de-DESCUBRIR.png\" alt=\"\" width=\"650\" height=\"87\" srcset=\"https:\/\/www.iadep.gob.ar\/descubrir\/wp-content\/uploads\/2019\/08\/Copia-de-Copia-de-DESCUBRIR.png 750w, https:\/\/www.iadep.gob.ar\/descubrir\/wp-content\/uploads\/2019\/08\/Copia-de-Copia-de-DESCUBRIR-300x40.png 300w\" sizes=\"(max-width: 650px) 100vw, 650px\" \/><\/h6>\n\n\n\n<p style=\"text-align:center\">Como parte del Programa Descubrir, buscamos emprendedores con proyectos innovadores para potenciar a trav\u00e9s de asistencia t\u00e9cnica y financiera.<\/p>\n\n\n\n<div style=\"height:20px\" aria-hidden=\"true\" class=\"wp-block-spacer\"><\/div>\n\n\n\n<h3 style=\"text-align:center\"><img decoding=\"async\" loading=\"lazy\" width=\"400\" height=\"400\" class=\"wp-image-1096\" style=\"width: 90px;\" src=\"https:\/\/www.iadep.gob.ar\/descubrir\/wp-content\/uploads\/2019\/07\/LogoMakr_7Wsgh9.png\" alt=\"\" srcset=\"https:\/\/www.iadep.gob.ar\/descubrir\/wp-content\/uploads\/2019\/07\/LogoMakr_7Wsgh9.png 400w, https:\/\/www.iadep.gob.ar\/descubrir\/wp-content\/uploads\/2019\/07\/LogoMakr_7Wsgh9-150x150.png 150w, https:\/\/www.iadep.gob.ar\/descubrir\/wp-content\/uploads\/2019\/07\/LogoMakr_7Wsgh9-300x300.png 300w\" sizes=\"(max-width: 400px) 100vw, 400px\" \/><\/h3>\n\n\n\n<h3 style=\"text-align:center\"><img decoding=\"async\" loading=\"lazy\" width=\"400\" height=\"90\" class=\"wp-image-1435\" style=\"width: 370px;\" src=\"https:\/\/www.iadep.gob.ar\/descubrir\/wp-content\/uploads\/2019\/08\/Copia-de-CAPACITACI\u00d3N.png\" alt=\"\" srcset=\"https:\/\/www.iadep.gob.ar\/descubrir\/wp-content\/uploads\/2019\/08\/Copia-de-CAPACITACI\u00d3N.png 400w, https:\/\/www.iadep.gob.ar\/descubrir\/wp-content\/uploads\/2019\/08\/Copia-de-CAPACITACI\u00d3N-300x68.png 300w\" sizes=\"(max-width: 400px) 100vw, 400px\" \/><\/h3>\n\n\n\n<div style=\"height:20px\" aria-hidden=\"true\" class=\"wp-block-spacer\"><\/div>\n\n\n\n<p style=\"text-align:center\">Convocamos&nbsp; a emprendedores Neuquinos con proyectos innovadores a participar de un proceso de capacitaciones, con opci\u00f3n a acceder a un cr\u00e9dito en condiciones blandas.<\/p>\n\n\n\n<p style=\"text-align:center\">Los interesados en arrancar o consolidar su proyecto o empresa de hasta 5 a\u00f1os de antig\u00fcedad, pueden postularse,&nbsp; hasta el&nbsp; 19 de Agosto, completando el siguiente formulario<\/p>\n\n\n\n<div style=\"height:30px\" aria-hidden=\"true\" class=\"wp-block-spacer\"><\/div>\n\n\n\n<div class=\"wp-block-button aligncenter\"><a class=\"wp-block-button__link has-text-color has-white-color has-background has-accent-background-color\" href=\"https:\/\/docs.google.com\/forms\/d\/e\/1FAIpQLSfRk0f5iDqpAwmIWWysTh3wo4pl-9D88xDFa0EsUaeqr1muow\/viewform\">INSCRIPCI\u00d3N<\/a><\/div>\n\n\n\n<div style=\"height:30px\" aria-hidden=\"true\" class=\"wp-block-spacer\"><\/div>\n\n\n\n<div class=\"wp-block-cover alignfull\" style=\"background-image:url(https:\/\/www.iadep.gob.ar\/descubrir\/wp-content\/uploads\/2019\/06\/verde.png);background-position:50% 50%\"><div class=\"wp-block-cover__inner-container\">\n<h1 style=\"text-align:center\"><img decoding=\"async\" loading=\"lazy\" width=\"400\" height=\"357\" class=\"wp-image-279\" style=\"width: 90px;\" src=\"https:\/\/www.iadep.gob.ar\/descubrir\/wp-content\/uploads\/2019\/06\/LogoMakr_1KP2ux.png\" alt=\"\" srcset=\"https:\/\/www.iadep.gob.ar\/descubrir\/wp-content\/uploads\/2019\/06\/LogoMakr_1KP2ux.png 400w, https:\/\/www.iadep.gob.ar\/descubrir\/wp-content\/uploads\/2019\/06\/LogoMakr_1KP2ux-300x268.png 300w\" sizes=\"(max-width: 400px) 100vw, 400px\" \/> <img decoding=\"async\" loading=\"lazy\" width=\"600\" height=\"120\" class=\"wp-image-1626\" style=\"width: 440px;\" src=\"https:\/\/www.iadep.gob.ar\/descubrir\/wp-content\/uploads\/2019\/08\/Copia-de-Copia-de-Copia-de-Copia-de-Directora-en-Funciones-1.png\" alt=\"\" srcset=\"https:\/\/www.iadep.gob.ar\/descubrir\/wp-content\/uploads\/2019\/08\/Copia-de-Copia-de-Copia-de-Copia-de-Directora-en-Funciones-1.png 600w, https:\/\/www.iadep.gob.ar\/descubrir\/wp-content\/uploads\/2019\/08\/Copia-de-Copia-de-Copia-de-Copia-de-Directora-en-Funciones-1-300x60.png 300w\" sizes=\"(max-width: 600px) 100vw, 600px\" \/><\/h1>\n\n\n\n<p style=\"text-align:center\">Personas mayores de 18 a\u00f1os que tengan una idea proyecto o un emprendimiento en marcha de hasta 5 a\u00f1os de antig\u00fcedad.<\/p>\n\n\n\n<p><\/p>\n<\/div><\/div>\n\n\n\n<div style=\"height:50px\" aria-hidden=\"true\" class=\"wp-block-spacer\"><\/div>\n\n\n\n<h6 style=\"text-align:center\"><img decoding=\"async\" loading=\"lazy\" width=\"400\" height=\"90\" class=\"wp-image-1457\" style=\"width: 380px;\" src=\"https:\/\/www.iadep.gob.ar\/descubrir\/wp-content\/uploads\/2019\/08\/Copia-de-CAPACITACI\u00d3N-9.png\" alt=\"\" srcset=\"https:\/\/www.iadep.gob.ar\/descubrir\/wp-content\/uploads\/2019\/08\/Copia-de-CAPACITACI\u00d3N-9.png 400w, https:\/\/www.iadep.gob.ar\/descubrir\/wp-content\/uploads\/2019\/08\/Copia-de-CAPACITACI\u00d3N-9-300x68.png 300w\" sizes=\"(max-width: 400px) 100vw, 400px\" \/><\/h6>\n\n\n\n<div style=\"height:20px\" aria-hidden=\"true\" class=\"wp-block-spacer\"><\/div>\n\n\n\n<p style=\"text-align:center\">Ser\u00e1n desarrolladas por capacitadores conjuntamente con emprendedores y empresarios Neuquinos que aportar\u00e1n su experiencia. Tienen por objeto brindar herramientas fundamentales para el desarrollo de emprendimientos nuevos y j\u00f3venes:<\/p>\n\n\n\n<div class=\"wp-block-image\"><figure class=\"aligncenter is-resized\"><img decoding=\"async\" loading=\"lazy\" src=\"https:\/\/www.iadep.gob.ar\/descubrir\/wp-content\/uploads\/2019\/08\/Copia-de-Copia-de-DESCUBRIR-2.png\" alt=\"\" class=\"wp-image-1557\" width=\"430\" height=\"225\"\/><\/figure><\/div>\n\n\n\n<div class=\"wp-block-cover alignfull\" style=\"background-image:url(https:\/\/www.iadep.gob.ar\/descubrir\/wp-content\/uploads\/2019\/06\/verde.png)\"><div class=\"wp-block-cover__inner-container\">\n<p style=\"text-align:center\" class=\"has-large-font-size\"><img decoding=\"async\" loading=\"lazy\" width=\"360\" height=\"400\" class=\"wp-image-894\" style=\"width: 80px;\" src=\"https:\/\/www.iadep.gob.ar\/descubrir\/wp-content\/uploads\/2019\/07\/LogoMakr_5tL79q.png\" alt=\"\" srcset=\"https:\/\/www.iadep.gob.ar\/descubrir\/wp-content\/uploads\/2019\/07\/LogoMakr_5tL79q.png 360w, https:\/\/www.iadep.gob.ar\/descubrir\/wp-content\/uploads\/2019\/07\/LogoMakr_5tL79q-270x300.png 270w\" sizes=\"(max-width: 360px) 100vw, 360px\" \/><img decoding=\"async\" loading=\"lazy\" width=\"600\" height=\"120\" class=\"wp-image-1627\" style=\"width: 360px;\" src=\"https:\/\/www.iadep.gob.ar\/descubrir\/wp-content\/uploads\/2019\/08\/Copia-de-Copia-de-Copia-de-Copia-de-Directora-en-Funciones-2.png\" alt=\"\" srcset=\"https:\/\/www.iadep.gob.ar\/descubrir\/wp-content\/uploads\/2019\/08\/Copia-de-Copia-de-Copia-de-Copia-de-Directora-en-Funciones-2.png 600w, https:\/\/www.iadep.gob.ar\/descubrir\/wp-content\/uploads\/2019\/08\/Copia-de-Copia-de-Copia-de-Copia-de-Directora-en-Funciones-2-300x60.png 300w\" sizes=\"(max-width: 600px) 100vw, 600px\" \/><\/p>\n\n\n\n<p style=\"text-align:center\">Facilitamos el acceso a un cr\u00e9dito en condiciones blandas para aquellos emprendedores con proyectos viables t\u00e9cnica, econ\u00f3mica y financieramente.<\/p>\n<\/div><\/div>\n\n\n\n<p><\/p>\n\n\n\n<div style=\"height:40px\" aria-hidden=\"true\" class=\"wp-block-spacer\"><\/div>\n\n\n\n<h3 style=\"text-align:center\"><img decoding=\"async\" loading=\"lazy\" width=\"400\" height=\"384\" class=\"wp-image-1111\" style=\"width: 100px;\" src=\"https:\/\/www.iadep.gob.ar\/descubrir\/wp-content\/uploads\/2019\/07\/LogoMakr_2pyE6Z.png\" alt=\"\" srcset=\"https:\/\/www.iadep.gob.ar\/descubrir\/wp-content\/uploads\/2019\/07\/LogoMakr_2pyE6Z.png 400w, https:\/\/www.iadep.gob.ar\/descubrir\/wp-content\/uploads\/2019\/07\/LogoMakr_2pyE6Z-300x288.png 300w\" sizes=\"(max-width: 400px) 100vw, 400px\" \/><\/h3>\n\n\n\n<div style=\"height:20px\" aria-hidden=\"true\" class=\"wp-block-spacer\"><\/div>\n\n\n\n<div class=\"is-layout-flex wp-container-3 wp-block-columns has-2-columns\">\n<div class=\"is-layout-flow wp-block-column\">\n<p style=\"text-align:center\"><img decoding=\"async\" loading=\"lazy\" width=\"400\" height=\"167\" class=\"wp-image-1185\" style=\"width: 200px;\" src=\"https:\/\/www.iadep.gob.ar\/descubrir\/wp-content\/uploads\/2019\/07\/LogoMakr_66Twc0.png\" alt=\"\" srcset=\"https:\/\/www.iadep.gob.ar\/descubrir\/wp-content\/uploads\/2019\/07\/LogoMakr_66Twc0.png 400w, https:\/\/www.iadep.gob.ar\/descubrir\/wp-content\/uploads\/2019\/07\/LogoMakr_66Twc0-300x125.png 300w\" sizes=\"(max-width: 400px) 100vw, 400px\" \/><\/p>\n\n\n\n<p style=\"text-align:center\"><img decoding=\"async\" loading=\"lazy\" width=\"400\" height=\"167\" class=\"wp-image-1188\" style=\"width: 200px;\" src=\"https:\/\/www.iadep.gob.ar\/descubrir\/wp-content\/uploads\/2019\/07\/LogoMakr_4X7dBx.png\" alt=\"\" srcset=\"https:\/\/www.iadep.gob.ar\/descubrir\/wp-content\/uploads\/2019\/07\/LogoMakr_4X7dBx.png 400w, https:\/\/www.iadep.gob.ar\/descubrir\/wp-content\/uploads\/2019\/07\/LogoMakr_4X7dBx-300x125.png 300w\" sizes=\"(max-width: 400px) 100vw, 400px\" \/><\/p>\n<\/div>\n\n\n\n<div class=\"is-layout-flow wp-block-column\">\n<p style=\"text-align:center\"><img decoding=\"async\" loading=\"lazy\" width=\"400\" height=\"168\" class=\"wp-image-1183\" style=\"width: 200px;\" src=\"https:\/\/www.iadep.gob.ar\/descubrir\/wp-content\/uploads\/2019\/07\/LogoMakr_5Hcctk.png\" alt=\"\" srcset=\"https:\/\/www.iadep.gob.ar\/descubrir\/wp-content\/uploads\/2019\/07\/LogoMakr_5Hcctk.png 400w, https:\/\/www.iadep.gob.ar\/descubrir\/wp-content\/uploads\/2019\/07\/LogoMakr_5Hcctk-300x126.png 300w\" sizes=\"(max-width: 400px) 100vw, 400px\" \/><\/p>\n\n\n\n<p style=\"text-align:center\"><img decoding=\"async\" loading=\"lazy\" width=\"400\" height=\"168\" class=\"wp-image-1189\" style=\"width: 200px;\" src=\"https:\/\/www.iadep.gob.ar\/descubrir\/wp-content\/uploads\/2019\/07\/LogoMakr_4mJmaS.png\" alt=\"\" srcset=\"https:\/\/www.iadep.gob.ar\/descubrir\/wp-content\/uploads\/2019\/07\/LogoMakr_4mJmaS.png 400w, https:\/\/www.iadep.gob.ar\/descubrir\/wp-content\/uploads\/2019\/07\/LogoMakr_4mJmaS-300x126.png 300w\" sizes=\"(max-width: 400px) 100vw, 400px\" \/><\/p>\n<\/div>\n<\/div>\n\n\n\n<div style=\"height:50px\" aria-hidden=\"true\" class=\"wp-block-spacer\"><\/div>\n\n\n\n<h3 style=\"text-align:center\"><img decoding=\"async\" loading=\"lazy\" width=\"400\" height=\"90\" class=\"wp-image-1504\" style=\"width: 310px;\" src=\"https:\/\/www.iadep.gob.ar\/descubrir\/wp-content\/uploads\/2019\/08\/Copia-de-CAPACITACI\u00d3N-26.png\" alt=\"\" srcset=\"https:\/\/www.iadep.gob.ar\/descubrir\/wp-content\/uploads\/2019\/08\/Copia-de-CAPACITACI\u00d3N-26.png 400w, https:\/\/www.iadep.gob.ar\/descubrir\/wp-content\/uploads\/2019\/08\/Copia-de-CAPACITACI\u00d3N-26-300x68.png 300w\" sizes=\"(max-width: 400px) 100vw, 400px\" \/><\/h3>\n\n\n\n<p style=\"text-align:center\">Todos los encuentros se realizar\u00e1n en el <a rel=\"noreferrer noopener\" href=\"http:\/\/club.adeneu.com.ar\/\" target=\"_blank\">CLUB DE EMPRENDEDORES<\/a> ubicado entre las calles Sarmiento y Chaneton en Neuqu\u00e9n Capital.<\/p>\n\n\n\n<div style=\"height:30px\" aria-hidden=\"true\" class=\"wp-block-spacer\"><\/div>\n\n\n<p><\/p>\n<p>[\/vc_column_text][\/vc_column][\/vc_row][vc_row][vc_column][vc_gmaps link=&#8221;#E-8_JTNDaWZyYW1lJTIwc3JjJTNEJTIyaHR0cHMlM0ElMkYlMkZ3d3cuZ29vZ2xlLmNvbSUyRm1hcHMlMkZlbWJlZCUzRnBiJTNEJTIxMW0xNCUyMTFtOCUyMTFtMyUyMTFkMTI0MTAuMTY5MDE5NTk2ODkzJTIxMmQtNjguMDcwODA2NSUyMTNkLTM4Ljk1NzI4NDUlMjEzbTIlMjExaTEwMjQlMjEyaTc2OCUyMTRmMTMuMSUyMTNtMyUyMTFtMiUyMTFzMHgwJTI1M0EweDE4NmRkYWZmNmVjZDI0OSUyMTJzQ2x1YiUyQmRlJTJCRW1wcmVuZGVkb3JlcyUyMTVlMCUyMTNtMiUyMTFzZXMtNDE5JTIxMnNhciUyMTR2MTU2NDc1NzIzMzUwOSUyMTVtMiUyMTFzZXMtNDE5JTIxMnNhciUyMiUyMHdpZHRoJTNEJTIyNDAwJTIyJTIwaGVpZ2h0JTNEJTIyMzAwJTIyJTIwZnJhbWVib3JkZXIlM0QlMjIwJTIyJTIwc3R5bGUlM0QlMjJib3JkZXIlM0EwJTIyJTIwYWxsb3dmdWxsc2NyZWVuJTNFJTNDJTJGaWZyYW1lJTNF&#8221; css_animation=&#8221;fadeIn&#8221;][\/vc_column][\/vc_row][vc_row][vc_column][vc_column_text]<\/p>\n\n\n<div class=\"wp-block-cover alignfull has-background-dim-30 has-background-dim\" style=\"background-image:url(https:\/\/www.iadep.gob.ar\/descubrir\/wp-content\/uploads\/2019\/06\/marvin-meyer-571072-unsplash.jpg)\"><div class=\"wp-block-cover__inner-container\">\n<p style=\"text-align:center\" class=\"has-large-font-size\"><img decoding=\"async\" loading=\"lazy\" width=\"400\" height=\"90\" class=\"wp-image-1547\" style=\"width: 480px;\" src=\"https:\/\/www.iadep.gob.ar\/descubrir\/wp-content\/uploads\/2019\/08\/Copia-de-Copia-de-CAPACITACI\u00d3N-3.png\" alt=\"\" srcset=\"https:\/\/www.iadep.gob.ar\/descubrir\/wp-content\/uploads\/2019\/08\/Copia-de-Copia-de-CAPACITACI\u00d3N-3.png 400w, https:\/\/www.iadep.gob.ar\/descubrir\/wp-content\/uploads\/2019\/08\/Copia-de-Copia-de-CAPACITACI\u00d3N-3-300x68.png 300w\" sizes=\"(max-width: 400px) 100vw, 400px\" \/><\/p>\n\n\n\n<div class=\"wp-block-button aligncenter\"><a class=\"wp-block-button__link has-background has-accent-background-color\" href=\"https:\/\/www.iadep.gob.ar\/descubrir\/wp-content\/uploads\/2019\/10\/GUIA-PARA-DESCUBRIR-2019.pdf\">Gu\u00eda para Descubrir 2019<\/a><\/div>\n\n\n\n<div class=\"wp-block-button aligncenter\"><a class=\"wp-block-button__link has-background has-accent-background-color\" href=\"https:\/\/www.iadep.gob.ar\/descubrir\/wp-content\/uploads\/2019\/10\/Planillas-de-costos-e-ingresos-proyectados-2019-1-1.xlsx\">Planilla de Costos<\/a><\/div>\n\n\n\n<div class=\"wp-block-button aligncenter\"><a class=\"wp-block-button__link has-background has-accent-background-color\" href=\"https:\/\/www.iadep.gob.ar\/descubrir\/wp-content\/uploads\/2019\/10\/LINEA-DE-CREDITOS-DESCUBRIR-2019.pdf\">L\u00ednea de Cr\u00e9dito<\/a><\/div>\n\n\n\n<div class=\"wp-block-button aligncenter\"><a class=\"wp-block-button__link has-background has-accent-background-color\" href=\"https:\/\/www.iadep.gob.ar\/descubrir\/wp-content\/uploads\/2019\/10\/nota-a-adjuntar-solicitud-de-financiamiento-2.docx\">Nota para Financiamiento<\/a><\/div>\n\n\n\n<div class=\"wp-block-button aligncenter\"><a class=\"wp-block-button__link has-background has-accent-background-color\" href=\"https:\/\/www.iadep.gob.ar\/descubrir\/wp-content\/uploads\/2019\/10\/Planilla-de-ofrecimiento-de-garantias-1.doc\">Planilla de Garant\u00eda<\/a><\/div>\n\n\n\n<p><\/p>\n<\/div><\/div>\n\n\n\n<div style=\"height:20px\" aria-hidden=\"true\" class=\"wp-block-spacer\"><\/div>\n\n\n\n<p><\/p>\n\n\n\n<p><\/p>\n","protected":false},"excerpt":{"rendered":"<p>[vc_row][vc_column][vc_column_text] Como parte del Programa Descubrir, buscamos emprendedores con proyectos innovadores para potenciar a trav\u00e9s de asistencia t\u00e9cnica y financiera. Convocamos&nbsp; a emprendedores Neuquinos con proyectos innovadores a participar de un proceso de capacitaciones, con opci\u00f3n a acceder a un cr\u00e9dito en condiciones blandas. Los interesados en arrancar o consolidar [&hellip;]<\/p>\n","protected":false},"author":1,"featured_media":0,"parent":0,"menu_order":0,"comment_status":"closed","ping_status":"closed","template":"","meta":[],"_links":{"self":[{"href":"https:\/\/www.iadep.gob.ar\/descubrir\/index.php?rest_route=\/wp\/v2\/pages\/1411"}],"collection":[{"href":"https:\/\/www.iadep.gob.ar\/descubrir\/index.php?rest_route=\/wp\/v2\/pages"}],"about":[{"href":"https:\/\/www.iadep.gob.ar\/descubrir\/index.php?rest_route=\/wp\/v2\/types\/page"}],"author":[{"embeddable":true,"href":"https:\/\/www.iadep.gob.ar\/descubrir\/index.php?rest_route=\/wp\/v2\/users\/1"}],"replies":[{"embeddable":true,"href":"https:\/\/www.iadep.gob.ar\/descubrir\/index.php?rest_route=%2Fwp%2Fv2%2Fcomments&post=1411"}],"version-history":[{"count":134,"href":"https:\/\/www.iadep.gob.ar\/descubrir\/index.php?rest_route=\/wp\/v2\/pages\/1411\/revisions"}],"predecessor-version":[{"id":1751,"href":"https:\/\/www.iadep.gob.ar\/descubrir\/index.php?rest_route=\/wp\/v2\/pages\/1411\/revisions\/1751"}],"wp:attachment":[{"href":"https:\/\/www.iadep.gob.ar\/descubrir\/index.php?rest_route=%2Fwp%2Fv2%2Fmedia&parent=1411"}],"curies":[{"name":"wp","href":"https:\/\/api.w.org\/{rel}","templated":true}]}}